erivative of 1/4*y**4 + z - 3/2*y**2 - 2/3*y**3 + 4*y. Give i(-2).
17
Let h = -1174 + 1180. Let a(t) = -5*t + 2. Give a(h).
-28
Let q(p) = -39 + p + 93 - 56. Calculate q(5).
3
Let t be ((-4 - -9)/(-5))/(1/(-3)). Suppose t*d + 45 = 12*d. Let y(h) = h**2 - 4*h + 6. Calculate y(d).
11
Suppose -5*a + 9*a - 280 = 0. Suppose -71*v = -a*v + 5. Let c(i) = i**2 + 6*i + 3. Determine c(v).
-2
Let s be -12*((-145)/(-15) - 10). Let q(v) = v**3 - 6*v**2 + 4*v + 4. Calculate q(s).
-12
Let q(w) = w**3 - 1. Let t(k) = 5*k**3 - 7*k**2 + 4*k + 3. Let m(o) = -4*q(o) + t(o). What is m(6)?
-5
Let t be 2/9 + -1 + (-50)/(-18). Suppose 0 = 3*l + 10 + t. Let u(i) = -i**3 - 5*i**2 - 3*i - 3. Determine u(l).
-7
Let j(v) = v**3 + 42 - 49 - v**2 - 6*v**2 - 2*v. Suppose -w = -2*k - 17, -16*w - k = -15*w - 2. Determine j(w).
-21
Let y(l) be the third derivative of -l**6/120 + l**5/60 + l**4/24 - l**3/6 - 33*l**2 - 2. Determine y(1).
0
Let x(z) be the third derivative of -z**5/60 - 7*z**4/24 + z**3/2 + z**2 + 9. Determine x(-8).
-5
Let d(j) = -4*j**2 + 7*j - 5. Let k(l) = -9*l**2 + 15*l - 11. Let t(v) = -7*d(v) + 3*k(v). Suppose 0 = -6*u + 12*u - 18. What is t(u)?
-1
Let l(s) be the second derivative of -s**3/6 - s**2 + 123*s - 1. Calculate l(-8).
6
Let m be (2 - 9/6)/((-9)/90). Let s(q) = -2*q**2 - 12*q - 4. Calculate s(m).
6
Let a be 10/6 + 2/6. Let j(o) = a*o + 23 - 23. Let s(q) = -q - 11. Let v be s(-10). Give j(v).
-2
Let t be 3/(-4)*56/(-63). Let n(p) be the first derivative of -t*p**3 + p + 0*p**2 + 1/4*p**4 - 3. What is n(1)?
0
Let r = 19 - 16. Let f(d) = -2*d - 3 - r + 5 - 22*d**2 + 19*d**2 - d**3. Give f(-1).
-1
Let r = 27 + -22. Let o(n) = -3*n + 5. Determine o(r).
-10
Let o(u) = -u**2 - 4*u + 4. Suppose 0 = -5*n + 4 + 1. Let q be n*(3 - 1)*-3. What is o(q)?
-8
Let p(i) = 2*i**3 - 2*i**3 + 26*i**2 - i - 21*i**2 - 4 - i**3. Give p(4).
8
Let o(s) = -5*s**2 + 55*s + 64. Let y be o(12). Let v(j) = -j**2 + j - 1. Calculate v(y).
-13
Let s(g) be the first derivative of -3*g**2/2 + g - 640. Give s(-3).
10
Let y(t) be the second derivative of -3*t + 0 + 3*t**2 + 1/12*t**4 + 1/6*t**3. Determine y(0).
6
Let y(c) be the first derivative of c**4/4 - 4*c**3/3 + 3*c**2/2 + 1. Let j be ((-2064)/(-2408))/(20/14 - 1). What is y(j)?
-2
Suppose 6*s - 63 = s - k, -s - 2*k + 9 = 0. Let a = s - 7. Let o(z) be the second derivative of z**3/6 - 4*z**2 + 3*z. Calculate o(a).
-2
Suppose 5*w + 5 = 2*j + 4, 4*j + 3*w + 11 = 0. Let t(x) = -4*x**3 - 3*x**2 - 2*x - 3. What is t(j)?
21
Let z(j) = 4*j - 144. Let r be z(37). Let l(y) be the third derivative of 0 - y**2 + 0*y**3 + 1/8*y**4 + 0*y. Determine l(r).
12
Let n = -3 - 1. Let w(q) be the first derivative of -9 + 3/2*q**2 + 6*q. What is w(n)?
-6
Let c(i) = -i - 2. Let r be c(-5). Suppose 4*y + r = y. Let x(j) = -5*j**3 - j**2 - 2*j - 1. What is x(y)?
5
Let o(a) = 14*a + 9. Let w(z) = -15*z - 2. Let c(l) = 5*l + 1. Let m(u) = 7*c(u) + 2*w(u). Let i(y) = -11*m(y) + 4*o(y). Give i(0).
3
Let a(f) be the first derivative of -f**5/60 - f**4/4 + f**3/2 - 9*f**2/2 + 11. Let r(x) be the second derivative of a(x). Give r(-5).
8
Let c(i) = -4*i + 12. Let a be 53/9 - 2/(-18). Give c(a).
-12
Let p(n) = -n + 1. Let r be (-114)/10 - (-22)/55. Let a = r + 12. Calculate p(a).
0
Let v(l) = l**3 - l + 30. Let z(t) = 4*t**2 - 39*t - 10. Let r be z(10). What is v(r)?
30
Let s(l) be the first derivative of l**2/2 + 2*l + 159. Suppose -6*j + j = 25. What is s(j)?
-3
Suppose -15 + 29 = -2*j. Let b(s) = s**2 - s - 1. Let p(x) = -x**3 - 2*x**2 + 4*x - 1. Let d(v) = -4*b(v) + p(v). Give d(j).
-4
Suppose -4*f - 2*p = -5*p - 15, -2*f + 11 = -5*p. Let d(j) = 3*j. Let v be d(3). Let i(l) = -l - 2*l + v*l - 4*l. What is i(f)?
6
Let n(o) be the second derivative of -o**5/20 - o**4/2 + 4*o**3/3 - o**2/2 + 99*o. Give n(-7).
-8
Let p(d) = 2*d + 3. Suppose -j = -4*j + 6. Suppose 3*l = f - 13, -2*l - l + 3*f - 15 = 0. Let h = j + l. What is p(h)?
-1
Suppose -36*d = 43 - 7. Let l(n) = 25*n**3 + n. Give l(d).
-26
Let p = 4 + -1. Suppose 0 = -w - p*w. Suppose 5*d + 4*u + 35 = -w*d, 0 = 2*d - 3*u - 9. Let l(a) = -a. Calculate l(d).
3
Let j(m) = m + 3. Suppose -3*a + 30 = -4*s, -5*a - 3*s + 18 = s. Let u(q) = q + a*q - 5*q + 1. Let d be u(-3). Calculate j(d).
-2
Let j(t) be the second derivative of -31*t**4/12 + 2*t - 90. Determine j(1).
-31
Let v(l) be the second derivative of -l**3/6 + 3*l**2/2 - 25*l + 6. Determine v(4).
-1
Suppose 5 = p + 2. Let s be (14 - 15) + 1*p. Suppose -s*o + o + w + 1 = 0, 0 = 3*o - 5*w + 7. Let z(d) = -d**3 + 5*d**2 + 7*d + 4. Calculate z(o).
10
Let g(y) be the second derivative of 2*y**3/3 + y**2/2 - 124*y. Determine g(-3).
-11
Let c = -5 - -7. Suppose -r = c*h + 8, 3*h + 3*r + 4 = 2*h. Let j(i) = -i**3 - 3*i**2 + i. Determine j(h).
12
Let u(l) = -l**2 - 2*l**3 + 0*l + 4*l**3 - l. Suppose 4 = 5*h - 31. Suppose -5*d = h - 2. What is u(d)?
-2
Let y be 20/(-5)*7/2. Suppose 0 = q + 2 + 9. Let t = q - y. Let g(l) = l**2 - 3. Determine g(t).
6
Let l(x) be the third derivative of x**6/120 + 2*x**5/15 - x**4/12 - x**3 - 291*x**2. What is l(-8)?
10
Let f(c) be the second derivative of c + 0 + 5/6*c**3 + 5/12*c**4 - 1/20*c**5 + 1/2*c**2. Let w = 0 + 6. Calculate f(w).
-5
Suppose -4*p + 3 = 11. Let g(x) = x**3 - 4*x**2 - 3*x - 6. Let m be g(5). Let r = m + p. Let u(d) = -d**3 + d - 1. Calculate u(r).
-7
Suppose 0*o + 12 = 12*o. Let g(j) = 11*j. Determine g(o).
11
Let m be 12/(-9)*(5 + 1). Let w = 6 + m. Let n(z) = -5*z**2 + 5*z**2 + 3*z - 4*z**2 + 2 + 6*z**2. What is n(w)?
4
Let s(v) = v**2 - 2*v + 4. Let b(k) = -k**3 - 19*k**2 - 33*k + 17. Let p be b(-17). Calculate s(p).
4
Let z(d) be the first derivative of -d**2/2 + d - 6. Let m(l) = 2*l**2 - 9*l + 5. Let n(i) = -m(i) + 6*z(i). Determine n(3).
-8
Let d(w) = -w**3 - 6*w**2 - 7*w - 7. Let h(z) = -z - 16. Let s be ((-20)/50)/((-1)/(-35)) - -3. Let o be h(s). Determine d(o).
3
Let j(l) = -l + 73*l**2 - 155*l**2 - 11 + 76*l**2 + 8. What is j(-2)?
-25
Let g(m) be the third derivative of -5*m**2 + 0*m + 7/24*m**4 - 1/2*m**3 + 1/60*m**5 + 0. Let r be -2*(2/(-11) + 1377/374). Give g(r).
-3
Let d(l) = -21*l - 147. Let o(v) = 7*v + 52. Let k(u) = -6*d(u) - 17*o(u). What is k(-3)?
-23
Let p(h) be the third derivative of 1/24*h**4 + 0*h + 38*h**2 + 1/3*h**3 + 0. Calculate p(3).
5
Suppose 0 = -3*a + 3*n + 12, 2*a + 22 - 38 = -2*n. Let i(u) = -u**3 + 7*u**2 + 3*u + 8. What is i(a)?
62
Let x(o) = o**2 - 5*o + 2. Suppose 0*k - 2*k + 16 = 0. Suppose -3*m + 4*g - 8 = 0, -4*m + 2*g = 4*g - 4. Suppose 4*i - 4 - k = m. Calculate x(i).
-4
Suppose 690 = 7*d + 3*d. Let h be d/18 + (-5)/(-30). Let u(z) = z**3 - 4*z**2 + z - 4. What is u(h)?
0
Suppose 34*q = -8*q - 126. Let m(j) be the second derivative of j**3/6 + j**2/2 - 2*j. Let n be m(q). Let g(v) = -3*v - 3. Give g(n).
3
Suppose 0 = -a + 12. Suppose -a = -5*n + n. Let r(c) = 5 - 4 + 4*c**3 + 4*c**n - 2*c**2. Determine r(-1).
-9
Let z(x) = x**3 - 4*x**2 + 2*x - 2. Let h be z(4). Let b(n) = 17*n**2 + 14*n + 31. Let j(m) = -3*m**2 - 3*m - 6. Let g(d) = 2*b(d) + 11*j(d). Calculate g(h).
2
Let b be ((-19)/133)/(6/(-21)). Let u(t) be the second derivative of 0*t**2 + 0 - 6*t + b*t**3. Determine u(2).
6
Suppose 3*j + 10*t = 13*t + 6, 3*j + 4*t - 27 = 0. Let h(x) = 2*x**2 - 2*x + 6. Determine h(j).
46
Let f(j) = -j**2 - 4*j - 1. Let x be f(-4). Let k(l) = -l**3 + l**2 + 4. Let s be k(0). Let y(b) = s*b**2 + 0*b - 48 + b + 49. Give y(x).
4
Let g(y) = -10*y**3 + y. Let t be 1/3 - 110/6. Let x be 2434/18 + 4/t. Let z be 2/(-13) - x/(-117). Calculate g(z).
-9
Let n(a) be the second derivative of a**3/6 - 5*a**2 + 451*a. What is n(11)?
1
Let u(f) be the third derivative of -1/120*f**6 + 0*f + 30*f**2 - 1/30*f**5 - 1/6*f**4 + 0 + 0*f**3. What is u(-3)?
21
Let v be 1*(0 - (-9)/(-3)). Let q(g) = 3*g**3 + g**2 + 13*g - 8. Let n(i) = 2*i**3 + i**2 + 7*i - 4. Let z(d) = v*q(d) + 5*n(d). What is z(-4)?
-12
Let k be (-1)/(-18)*6*(0 + 18). Let x(m) = -5*m**3 - 14*m**2 - 13*m - 11. Let z(w) = -9*w**3 - 27*w**2 - 24*w - 21. Let i(g) = k*z(g) - 11*x(g). Calculate i(8).
-13
Let t(a) be the second derivative of a**5/60 - a**4/24 - 20*a**3/3 - 47*a. Let b(l) be the second derivative of t(l). Determine b(-2).
-5
Let r(c) = -c. Let w = 25 + -21. Let i be 0*(w + -2 + -1). Suppose i = -12*n + 7*n + 5. Calcul